{"id":523,"date":"2017-03-11T15:15:35","date_gmt":"2017-03-11T15:15:35","guid":{"rendered":"http:\/\/wp.anwaltskanzlei-ludwig.de\/?page_id=523"},"modified":"2017-03-14T13:43:36","modified_gmt":"2017-03-14T13:43:36","slug":"allgemeines-vertragsrecht","status":"publish","type":"page","link":"https:\/\/wp.anwaltskanzlei-ludwig.de\/?page_id=523","title":{"rendered":"Allgemeines Vertragsrecht"},"content":{"rendered":"<p><span style=\"font-family: arial, helvetica, sans-serif; font-size: 12pt;\">Unscharfer juristischer Sammelbegriff, der Regelungen insbesondere zum Zustandekommen und der Wirkung von privatrechtlichen Vertr\u00e4gen umfasst. Manchmal wird auch allgemeines Vertragsrecht dazu gesagt. Es geht um rechtliche Regelungen vornehmlich im allgemeinen Teil des BGB, z.B. \u00a7\u00a7 104 ff. (Gesch\u00e4ftsf\u00e4higkeit), \u00a7\u00a7 116 ff. (Willenserkl\u00e4rung), \u00a7\u00a7 145 ff. (Vertrag). Daneben k\u00f6nnen auch bestimmte schuldrechtliche Regelungen des BGB, so z.B. \u00a7\u00a7 305 ff. (AGB) und \u00a7\u00a7 311 ff. (Begr\u00fcndung etc. von Schuldverh\u00e4ltnissen) dazu gez\u00e4hlt werden. In einer weitergehenden Bedeutung sollen mit dem Begriff zuweilen auch die Typik und die Eigenheiten ganz bestimmter schuldrechtlicher Vertr\u00e4ge charakterisiert werden. Der in diesen F\u00e4llen an sich angebrachte Wortzusatz, z.B. Werkvertragsrecht oder Reisevertragsrecht, fehlt aber mitunter. Vertr\u00e4ge als Handlungsform der Verwaltung gibt es auch im \u00f6ffentlichen Recht (\u00a7\u00a7 54 ff. VwVfG). Dennoch wird von einem &#8222;\u00f6ffentlich-rechtlichen Vertragsrecht&#8220; weniger gesprochen, zumal bestimmte Fragen zu \u00f6ffentlich-rechtlichen Vertr\u00e4gen per gesetzlicher Verweisung analog zu den Regelungen privatrechtlicher Vertr\u00e4ge zu beantworten sind (z.B. \u00a7 59 Abs. 1 VwVfG zur Nichtigkeit). &nbsp;<\/span><\/p>\n<p><span style=\"font-family: arial, helvetica, sans-serif; font-size: 12pt;\">Quelle: Wirtschaftslexikon Gabler<\/span><\/p>\n","protected":false},"excerpt":{"rendered":"<p>Unscharfer juristischer Sammelbegriff, der Regelungen insbesondere zum Zustandekommen und der Wirkung von privatrechtlichen Vertr\u00e4gen umfasst. Manchmal wird auch allgemeines Vertragsrecht dazu gesagt. Es geht um rechtliche Regelungen vornehmlich im allgemeinen Teil des BGB, z.B. \u00a7\u00a7 104 ff. (Gesch\u00e4ftsf\u00e4higkeit), \u00a7\u00a7 116 ff. (Willenserkl\u00e4rung), \u00a7\u00a7 145 ff. (Vertrag). Daneben k\u00f6nnen auch bestimmte schuldrechtliche Regelungen des BGB, so [&hellip;]<\/p>\n","protected":false},"author":1,"featured_media":0,"parent":0,"menu_order":0,"comment_status":"closed","ping_status":"closed","template":"","meta":{"footnotes":""},"class_list":["post-523","page","type-page","status-publish","hentry"],"yoast_head":"<!-- This site is optimized with the Yoast SEO plugin v27.3 - https:\/\/yoast.com\/product\/yoast-seo-wordpress\/ -->\n<title>Allgemeines Vertragsrecht - Anwaltskanzlei Thomas Ludwig<\/title>\n<meta name=\"robots\" content=\"index, follow, max-snippet:-1, max-image-preview:large, max-video-preview:-1\" \/>\n<link rel=\"canonical\" href=\"https:\/\/wp.anwaltskanzlei-ludwig.de\/?page_id=523\" \/>\n<meta property=\"og:locale\" content=\"de_DE\" \/>\n<meta property=\"og:type\" content=\"article\" \/>\n<meta property=\"og:title\" content=\"Allgemeines Vertragsrecht - Anwaltskanzlei Thomas Ludwig\" \/>\n<meta property=\"og:description\" content=\"Unscharfer juristischer Sammelbegriff, der Regelungen insbesondere zum Zustandekommen und der Wirkung von privatrechtlichen Vertr\u00e4gen umfasst. Manchmal wird auch allgemeines Vertragsrecht dazu gesagt. Es geht um rechtliche Regelungen vornehmlich im allgemeinen Teil des BGB, z.B. \u00a7\u00a7 104 ff. (Gesch\u00e4ftsf\u00e4higkeit), \u00a7\u00a7 116 ff. (Willenserkl\u00e4rung), \u00a7\u00a7 145 ff. (Vertrag). Daneben k\u00f6nnen auch bestimmte schuldrechtliche Regelungen des BGB, so [&hellip;]\" \/>\n<meta property=\"og:url\" content=\"https:\/\/wp.anwaltskanzlei-ludwig.de\/?page_id=523\" \/>\n<meta property=\"og:site_name\" content=\"Anwaltskanzlei Thomas Ludwig\" \/>\n<meta property=\"article:modified_time\" content=\"2017-03-14T13:43:36+00:00\" \/>\n<meta name=\"twitter:card\" content=\"summary_large_image\" \/>\n<meta name=\"twitter:label1\" content=\"Gesch\u00e4tzte Lesezeit\" \/>\n\t<meta name=\"twitter:data1\" content=\"1\u00a0Minute\" \/>\n<script type=\"application\/ld+json\" class=\"yoast-schema-graph\">{\"@context\":\"https:\\\/\\\/schema.org\",\"@graph\":[{\"@type\":\"WebPage\",\"@id\":\"https:\\\/\\\/wp.anwaltskanzlei-ludwig.de\\\/?page_id=523\",\"url\":\"https:\\\/\\\/wp.anwaltskanzlei-ludwig.de\\\/?page_id=523\",\"name\":\"Allgemeines Vertragsrecht - Anwaltskanzlei Thomas Ludwig\",\"isPartOf\":{\"@id\":\"https:\\\/\\\/wp.anwaltskanzlei-ludwig.de\\\/#website\"},\"datePublished\":\"2017-03-11T15:15:35+00:00\",\"dateModified\":\"2017-03-14T13:43:36+00:00\",\"breadcrumb\":{\"@id\":\"https:\\\/\\\/wp.anwaltskanzlei-ludwig.de\\\/?page_id=523#breadcrumb\"},\"inLanguage\":\"de\",\"potentialAction\":[{\"@type\":\"ReadAction\",\"target\":[\"https:\\\/\\\/wp.anwaltskanzlei-ludwig.de\\\/?page_id=523\"]}]},{\"@type\":\"BreadcrumbList\",\"@id\":\"https:\\\/\\\/wp.anwaltskanzlei-ludwig.de\\\/?page_id=523#breadcrumb\",\"itemListElement\":[{\"@type\":\"ListItem\",\"position\":1,\"name\":\"Startseite\",\"item\":\"https:\\\/\\\/wp.anwaltskanzlei-ludwig.de\\\/\"},{\"@type\":\"ListItem\",\"position\":2,\"name\":\"Allgemeines Vertragsrecht\"}]},{\"@type\":\"WebSite\",\"@id\":\"https:\\\/\\\/wp.anwaltskanzlei-ludwig.de\\\/#website\",\"url\":\"https:\\\/\\\/wp.anwaltskanzlei-ludwig.de\\\/\",\"name\":\"Anwaltskanzlei Thomas Ludwig\",\"description\":\"\",\"publisher\":{\"@id\":\"https:\\\/\\\/wp.anwaltskanzlei-ludwig.de\\\/#organization\"},\"potentialAction\":[{\"@type\":\"SearchAction\",\"target\":{\"@type\":\"EntryPoint\",\"urlTemplate\":\"https:\\\/\\\/wp.anwaltskanzlei-ludwig.de\\\/?s={search_term_string}\"},\"query-input\":{\"@type\":\"PropertyValueSpecification\",\"valueRequired\":true,\"valueName\":\"search_term_string\"}}],\"inLanguage\":\"de\"},{\"@type\":\"Organization\",\"@id\":\"https:\\\/\\\/wp.anwaltskanzlei-ludwig.de\\\/#organization\",\"name\":\"Anwaltskanzlei Ludwig\",\"url\":\"https:\\\/\\\/wp.anwaltskanzlei-ludwig.de\\\/\",\"logo\":{\"@type\":\"ImageObject\",\"inLanguage\":\"de\",\"@id\":\"https:\\\/\\\/wp.anwaltskanzlei-ludwig.de\\\/#\\\/schema\\\/logo\\\/image\\\/\",\"url\":\"https:\\\/\\\/wp.anwaltskanzlei-ludwig.de\\\/wp-content\\\/uploads\\\/2021\\\/01\\\/seite-scaled.jpg\",\"contentUrl\":\"https:\\\/\\\/wp.anwaltskanzlei-ludwig.de\\\/wp-content\\\/uploads\\\/2021\\\/01\\\/seite-scaled.jpg\",\"width\":2048,\"height\":2560,\"caption\":\"Anwaltskanzlei Ludwig\"},\"image\":{\"@id\":\"https:\\\/\\\/wp.anwaltskanzlei-ludwig.de\\\/#\\\/schema\\\/logo\\\/image\\\/\"}}]}<\/script>\n<!-- \/ Yoast SEO plugin. -->","yoast_head_json":{"title":"Allgemeines Vertragsrecht - Anwaltskanzlei Thomas Ludwig","robots":{"index":"index","follow":"follow","max-snippet":"max-snippet:-1","max-image-preview":"max-image-preview:large","max-video-preview":"max-video-preview:-1"},"canonical":"https:\/\/wp.anwaltskanzlei-ludwig.de\/?page_id=523","og_locale":"de_DE","og_type":"article","og_title":"Allgemeines Vertragsrecht - Anwaltskanzlei Thomas Ludwig","og_description":"Unscharfer juristischer Sammelbegriff, der Regelungen insbesondere zum Zustandekommen und der Wirkung von privatrechtlichen Vertr\u00e4gen umfasst. Manchmal wird auch allgemeines Vertragsrecht dazu gesagt. Es geht um rechtliche Regelungen vornehmlich im allgemeinen Teil des BGB, z.B. \u00a7\u00a7 104 ff. (Gesch\u00e4ftsf\u00e4higkeit), \u00a7\u00a7 116 ff. (Willenserkl\u00e4rung), \u00a7\u00a7 145 ff. (Vertrag). Daneben k\u00f6nnen auch bestimmte schuldrechtliche Regelungen des BGB, so [&hellip;]","og_url":"https:\/\/wp.anwaltskanzlei-ludwig.de\/?page_id=523","og_site_name":"Anwaltskanzlei Thomas Ludwig","article_modified_time":"2017-03-14T13:43:36+00:00","twitter_card":"summary_large_image","twitter_misc":{"Gesch\u00e4tzte Lesezeit":"1\u00a0Minute"},"schema":{"@context":"https:\/\/schema.org","@graph":[{"@type":"WebPage","@id":"https:\/\/wp.anwaltskanzlei-ludwig.de\/?page_id=523","url":"https:\/\/wp.anwaltskanzlei-ludwig.de\/?page_id=523","name":"Allgemeines Vertragsrecht - Anwaltskanzlei Thomas Ludwig","isPartOf":{"@id":"https:\/\/wp.anwaltskanzlei-ludwig.de\/#website"},"datePublished":"2017-03-11T15:15:35+00:00","dateModified":"2017-03-14T13:43:36+00:00","breadcrumb":{"@id":"https:\/\/wp.anwaltskanzlei-ludwig.de\/?page_id=523#breadcrumb"},"inLanguage":"de","potentialAction":[{"@type":"ReadAction","target":["https:\/\/wp.anwaltskanzlei-ludwig.de\/?page_id=523"]}]},{"@type":"BreadcrumbList","@id":"https:\/\/wp.anwaltskanzlei-ludwig.de\/?page_id=523#breadcrumb","itemListElement":[{"@type":"ListItem","position":1,"name":"Startseite","item":"https:\/\/wp.anwaltskanzlei-ludwig.de\/"},{"@type":"ListItem","position":2,"name":"Allgemeines Vertragsrecht"}]},{"@type":"WebSite","@id":"https:\/\/wp.anwaltskanzlei-ludwig.de\/#website","url":"https:\/\/wp.anwaltskanzlei-ludwig.de\/","name":"Anwaltskanzlei Thomas Ludwig","description":"","publisher":{"@id":"https:\/\/wp.anwaltskanzlei-ludwig.de\/#organization"},"potentialAction":[{"@type":"SearchAction","target":{"@type":"EntryPoint","urlTemplate":"https:\/\/wp.anwaltskanzlei-ludwig.de\/?s={search_term_string}"},"query-input":{"@type":"PropertyValueSpecification","valueRequired":true,"valueName":"search_term_string"}}],"inLanguage":"de"},{"@type":"Organization","@id":"https:\/\/wp.anwaltskanzlei-ludwig.de\/#organization","name":"Anwaltskanzlei Ludwig","url":"https:\/\/wp.anwaltskanzlei-ludwig.de\/","logo":{"@type":"ImageObject","inLanguage":"de","@id":"https:\/\/wp.anwaltskanzlei-ludwig.de\/#\/schema\/logo\/image\/","url":"https:\/\/wp.anwaltskanzlei-ludwig.de\/wp-content\/uploads\/2021\/01\/seite-scaled.jpg","contentUrl":"https:\/\/wp.anwaltskanzlei-ludwig.de\/wp-content\/uploads\/2021\/01\/seite-scaled.jpg","width":2048,"height":2560,"caption":"Anwaltskanzlei Ludwig"},"image":{"@id":"https:\/\/wp.anwaltskanzlei-ludwig.de\/#\/schema\/logo\/image\/"}}]}},"_links":{"self":[{"href":"https:\/\/wp.anwaltskanzlei-ludwig.de\/index.php?rest_route=\/wp\/v2\/pages\/523","targetHints":{"allow":["GET"]}}],"collection":[{"href":"https:\/\/wp.anwaltskanzlei-ludwig.de\/index.php?rest_route=\/wp\/v2\/pages"}],"about":[{"href":"https:\/\/wp.anwaltskanzlei-ludwig.de\/index.php?rest_route=\/wp\/v2\/types\/page"}],"author":[{"embeddable":true,"href":"https:\/\/wp.anwaltskanzlei-ludwig.de\/index.php?rest_route=\/wp\/v2\/users\/1"}],"replies":[{"embeddable":true,"href":"https:\/\/wp.anwaltskanzlei-ludwig.de\/index.php?rest_route=%2Fwp%2Fv2%2Fcomments&post=523"}],"version-history":[{"count":0,"href":"https:\/\/wp.anwaltskanzlei-ludwig.de\/index.php?rest_route=\/wp\/v2\/pages\/523\/revisions"}],"wp:attachment":[{"href":"https:\/\/wp.anwaltskanzlei-ludwig.de\/index.php?rest_route=%2Fwp%2Fv2%2Fmedia&parent=523"}],"curies":[{"name":"wp","href":"https:\/\/api.w.org\/{rel}","templated":true}]}}