{"id":101,"date":"2017-03-08T23:40:20","date_gmt":"2017-03-08T23:40:20","guid":{"rendered":"http:\/\/wp.anwaltskanzlei-ludwig.de\/?page_id=101"},"modified":"2017-03-14T22:24:20","modified_gmt":"2017-03-14T22:24:20","slug":"schadensabwicklung","status":"publish","type":"page","link":"https:\/\/wp.anwaltskanzlei-ludwig.de\/?page_id=101","title":{"rendered":"SCHADENSABWICKLUNG"},"content":{"rendered":"<p><strong><span style=\"font-family: arial, helvetica, sans-serif; font-size: 12pt;\">Warum Sie einen Rechtsanwalt einschalten sollten<\/span><\/strong><\/p>\n<p><span style=\"font-family: arial, helvetica, sans-serif; font-size: 12pt;\">Es gibt eine Reihe von Gr\u00fcnden, weshalb Sie einen Rechtsanwalt einschalten sollten. Die wichtigsten sind folgende:<\/span><\/p>\n<p><span style=\"font-family: arial, helvetica, sans-serif; font-size: 12pt;\">1. Der Rechtsanwalt ist ein Fachmann.<\/span><\/p>\n<p><span style=\"font-family: arial, helvetica, sans-serif; font-size: 12pt;\">Er ist (im Gegensatz zu Versicherungen, ungebetenen Unfallhelfern, etc.) der einzig staatlich legitimierte Fachmann f\u00fcr die rechtliche Beratung und Vertretung der B\u00fcrger.<\/span><\/p>\n<p><span style=\"font-family: arial, helvetica, sans-serif; font-size: 12pt;\">Die Regulierung von Unfallsch\u00e4den und die L\u00f6sung aller mit einem Unfall in Zusammenhang stehenden Probleme ist eine nur schwer \u00fcberschaubare Spezialmaterie. Bei der Schadensregulierung sind regelm\u00e4\u00dfig nicht nur die konkreten Umst\u00e4nde des Einzelfalles zu beachten, sondern dar\u00fcber hinaus auch umfangreiche gesetzliche Bestimmungen und die zu den einzelnen Teilfragen ergangene Rechtsprechung. Dieses komplexe Rechtsgebiet kann in seinem gesamten Umfang allein der Rechtsanwalt vollst\u00e4ndig \u00fcberschauen. Stichworte: Fachmann und \u201cungebetener Helfer\u201d<\/span><\/p>\n<p><span style=\"font-family: arial, helvetica, sans-serif; font-size: 12pt;\">2. Sie haben in der Regel einen finanziellen Vorteil.<\/span><\/p>\n<p><span style=\"font-family: arial, helvetica, sans-serif; font-size: 12pt;\">Die Beauftragung eines Rechtsanwalt ist f\u00fcr Sie in der Regel finanziell vorteilhaft.<\/span><\/p>\n<p><span style=\"font-family: arial, helvetica, sans-serif; font-size: 12pt;\">Ihr Anwalt ber\u00e4t Sie objektiv und sorgt daf\u00fcr, dass Sie nichts \u201cverschenken\u201d. Selbst dann, wenn Sie Ihre Lage als hoffnungslos einsch\u00e4tzen oder die Versicherung meint, der Fall sei eindeutig, wird allein Ihr Rechtsanwalt Ihre Aussichten zutreffend beurteilen k\u00f6nnen. Zum Beispiel versuchen unseri\u00f6se Versicherungen oftmals, die Forderungen des Gesch\u00e4digten durch eine f\u00fcr diesen ung\u00fcnstige Mithaftungsquote zu reduzieren \u2013 Ihr Rechtsanwalt wird diesem Ansinnen Grenzen setzen, wenn es n\u00f6tig ist. Erfahrungen des \u201cDeutschen Anwaltvereins\u201d<\/span><\/p>\n<p><span style=\"font-family: arial, helvetica, sans-serif; font-size: 12pt;\">Demgegen\u00fcber machen sich die Kosten des beauftragten Rechtsanwalts schnell bezahlt: So ist zum Beispiel der Unfallgegner, der den Unfall allein verschuldet hat, verpflichtet, auch Ihre Rechtsanwaltskosten zu zahlen. Und wenn Sie&nbsp;Rechtschutz versichert&nbsp;sind, ist sogar diese \u00dcberlegung f\u00fcr Sie uninteressant.<\/span><\/p>\n<p><span style=\"font-family: arial, helvetica, sans-serif; font-size: 12pt;\">3. Der Rechtsanwalt hat den Gesamt\u00fcberblick<\/span><\/p>\n<p><span style=\"font-family: arial, helvetica, sans-serif; font-size: 12pt;\">Alle Fronten gleichzeitig im Blick zu haben und zu wissen, was wann zu tun das Beste ist, wei\u00df nur Ihr Rechtsanwalt. Ihr Rechtsanwalt hat den \u00dcberblick.<\/span><\/p>\n<p><span style=\"font-family: arial, helvetica, sans-serif; font-size: 12pt;\">Wenn Sie in einen Unfall verwickelt worden sind, haben Sie an mehreren Fronten gleichzeitig zu k\u00e4mpfen. Ihr Unfallgegner, der Halter des gegnerischen Fahrzeugs, dessen Haftpflichtversicherung, Ihre eigene Haftpflicht- und Kaskoversicherung, vielleicht sogar der Halter des von Ihnen gefahrenen Fahrzeugs, verletzte Beteiligte, deren zust\u00e4ndige Sozialversicherungstr\u00e4ger usw. usf.: Alle verfolgen sie auf unterschiedlichen Wegen verschiedene Interessen.<\/span><\/p>\n<p><span style=\"font-family: arial, helvetica, sans-serif; font-size: 12pt;\">Alle Fronten gleichzeitig im Blick zu haben und zu wissen, was wann zu tun das Beste ist, wei\u00df nur Ihr Rechtsanwalt. Denn es geh\u00f6rt zu den kompliziertesten Dingen nach einem Unfall, gegen\u00fcber jedem einzelnen Gegner und Beteiligten die richtige Strategie zu w\u00e4hlen und sich dabei nicht in Widerspr\u00fcche zu verwickeln.<\/span><\/p>\n<p><span style=\"font-family: arial, helvetica, sans-serif; font-size: 12pt;\">TIPP: So ist zum Beispiel gegen\u00fcber der Polizei grunds\u00e4tzlich zu beachten, zum Unfallgeschehen nichts (aber auch gar nichts!) zu sagen. Denn gleich, was Sie am Unfallort oder sp\u00e4ter gegen\u00fcber der Polizei f\u00fcr Angaben machen; und gleich, ob Sie den Unfall verschuldet haben oder nicht: Sie reden sich um Kopf und Kragen. Gleich, ob es um einen bewaffneten Raub\u00fcberfall oder um eine Geschwindigkeits\u00fcbertretung geht \u2013 die wichtigste und grundlegendste Regel im Umgang mit der Polizei lautet immer: Sagen Sie zur Sache niemals auch nur ein einziges Wort \u2013 es sei denn, Sie kommen unzweifelhaft nur als Zeuge in Frage. Aussageverweigerung<\/span><\/p>\n<p><span style=\"font-family: arial, helvetica, sans-serif; font-size: 12pt;\">4. Der Rechtsanwalt sch\u00fctzt vor der Versicherung<\/span><\/p>\n<p><span style=\"font-family: arial, helvetica, sans-serif; font-size: 12pt;\">\u201cNur wer sich durch einen Anwalt vertreten l\u00e4sst, hat im Schadensfall die besten Karten. Versicherungen haben bei der Schadensabwicklung das eigene Interesse im Auge und nicht das des Gesch\u00e4digten,\u201d so Rechtsanwalt Hans-J\u00fcrgen Gebhardt, Vorsitzender der Arbeitsgemeinschaft Verkehrsrecht im Deutschen Anwaltverein. Oftmals werde \u00fcbersehen, dass es sich bei der gegnerischen Versicherung um die gegnerische Partei handele, die ausschlie\u00dflich den eigenen Interessen diene. Versicherungen w\u00fcrden Sch\u00e4den zwar schnell regulieren, doch beziehe sich dies meistens auf den Blechschaden. \u201cAus Unkenntnis wird dann oft auf Anspr\u00fcche, wie beispielsweise Haushaltsf\u00fchrungsschaden, Verdienstausfall und den Minderwert eines Fahrzeugs nach dem Unfall verzichtet\u201d, so Gebhardt.<\/span><\/p>\n<p><span style=\"font-family: arial, helvetica, sans-serif; font-size: 12pt;\">Seien Sie daher unbedingt auf der Hut, wenn Ihnen die Versicherung eine unkomplizierte Schadensabwicklung anbietet.<\/span><\/p>\n<p><span style=\"font-family: arial, helvetica, sans-serif; font-size: 12pt;\">5. Der Rechtsanwalt sorgt f\u00fcr Waffengleichheit.<\/span><\/p>\n<p><span style=\"font-family: arial, helvetica, sans-serif; font-size: 12pt;\">Bei den Versicherungen sind Sachbearbeiter besch\u00e4ftigt, die sich mit der Abwicklung von Verkehrsunf\u00e4llen (und nur damit!) bestens auskennen. Das Gleiche gilt f\u00fcr Polizei und Bu\u00dfgeldbeh\u00f6rden, die sich auf ihre ganz eigene Art auf ihr Fachgebiet spezialisiert haben. Der Einzige, der nach einem Unfall unbekanntes Gebiet betritt, sind Sie.<\/span><\/p>\n<p><span style=\"font-family: arial, helvetica, sans-serif; font-size: 12pt;\">Wegen des \u201cPrinzips der Waffengleichheit\u201d haben Sie daher nicht nur grunds\u00e4tzlich Anspruch darauf, einen Rechtsanwalt mit der Durchsetzung Ihrer Forderungen zu beauftragen. Sie haben au\u00dferdem Anspruch darauf, die dabei entstehenden Kosten auch noch von dem Ersatzpflichtigen ersetzt zu bekommen. Das Prinzip der \u201cWaffengleichheit\u201d ist eine Essenz des Rechtsstaats. Verzichten Sie nicht ohne Not auf dieses grundlegende Recht!<\/span><\/p>\n<p><span style=\"font-family: arial, helvetica, sans-serif; font-size: 12pt;\">Quelle: unfall-und-was-nun.de<\/span><\/p>\n","protected":false},"excerpt":{"rendered":"<p>Warum Sie einen Rechtsanwalt einschalten sollten Es gibt eine Reihe von Gr\u00fcnden, weshalb Sie einen Rechtsanwalt einschalten sollten. Die wichtigsten sind folgende: 1. Der Rechtsanwalt ist ein Fachmann. Er ist (im Gegensatz zu Versicherungen, ungebetenen Unfallhelfern, etc.) der einzig staatlich legitimierte Fachmann f\u00fcr die rechtliche Beratung und Vertretung der B\u00fcrger. Die Regulierung von Unfallsch\u00e4den und [&hellip;]<\/p>\n","protected":false},"author":3,"featured_media":0,"parent":95,"menu_order":0,"comment_status":"closed","ping_status":"closed","template":"","meta":{"footnotes":""},"class_list":["post-101","page","type-page","status-publish","hentry"],"yoast_head":"<!-- This site is optimized with the Yoast SEO plugin v27.3 - https:\/\/yoast.com\/product\/yoast-seo-wordpress\/ -->\n<title>SCHADENSABWICKLUNG - Anwaltskanzlei Thomas Ludwig<\/title>\n<meta name=\"robots\" content=\"index, follow, max-snippet:-1, max-image-preview:large, max-video-preview:-1\" \/>\n<link rel=\"canonical\" href=\"https:\/\/wp.anwaltskanzlei-ludwig.de\/?page_id=101\" \/>\n<meta property=\"og:locale\" content=\"de_DE\" \/>\n<meta property=\"og:type\" content=\"article\" \/>\n<meta property=\"og:title\" content=\"SCHADENSABWICKLUNG - Anwaltskanzlei Thomas Ludwig\" \/>\n<meta property=\"og:description\" content=\"Warum Sie einen Rechtsanwalt einschalten sollten Es gibt eine Reihe von Gr\u00fcnden, weshalb Sie einen Rechtsanwalt einschalten sollten. Die wichtigsten sind folgende: 1. Der Rechtsanwalt ist ein Fachmann. Er ist (im Gegensatz zu Versicherungen, ungebetenen Unfallhelfern, etc.) der einzig staatlich legitimierte Fachmann f\u00fcr die rechtliche Beratung und Vertretung der B\u00fcrger. Die Regulierung von Unfallsch\u00e4den und [&hellip;]\" \/>\n<meta property=\"og:url\" content=\"https:\/\/wp.anwaltskanzlei-ludwig.de\/?page_id=101\" \/>\n<meta property=\"og:site_name\" content=\"Anwaltskanzlei Thomas Ludwig\" \/>\n<meta property=\"article:modified_time\" content=\"2017-03-14T22:24:20+00:00\" \/>\n<meta name=\"twitter:card\" content=\"summary_large_image\" \/>\n<meta name=\"twitter:label1\" content=\"Gesch\u00e4tzte Lesezeit\" \/>\n\t<meta name=\"twitter:data1\" content=\"4\u00a0Minuten\" \/>\n<script type=\"application\/ld+json\" class=\"yoast-schema-graph\">{\"@context\":\"https:\\\/\\\/schema.org\",\"@graph\":[{\"@type\":\"WebPage\",\"@id\":\"https:\\\/\\\/wp.anwaltskanzlei-ludwig.de\\\/?page_id=101\",\"url\":\"https:\\\/\\\/wp.anwaltskanzlei-ludwig.de\\\/?page_id=101\",\"name\":\"SCHADENSABWICKLUNG - Anwaltskanzlei Thomas Ludwig\",\"isPartOf\":{\"@id\":\"https:\\\/\\\/wp.anwaltskanzlei-ludwig.de\\\/#website\"},\"datePublished\":\"2017-03-08T23:40:20+00:00\",\"dateModified\":\"2017-03-14T22:24:20+00:00\",\"breadcrumb\":{\"@id\":\"https:\\\/\\\/wp.anwaltskanzlei-ludwig.de\\\/?page_id=101#breadcrumb\"},\"inLanguage\":\"de\",\"potentialAction\":[{\"@type\":\"ReadAction\",\"target\":[\"https:\\\/\\\/wp.anwaltskanzlei-ludwig.de\\\/?page_id=101\"]}]},{\"@type\":\"BreadcrumbList\",\"@id\":\"https:\\\/\\\/wp.anwaltskanzlei-ludwig.de\\\/?page_id=101#breadcrumb\",\"itemListElement\":[{\"@type\":\"ListItem\",\"position\":1,\"name\":\"Startseite\",\"item\":\"https:\\\/\\\/wp.anwaltskanzlei-ludwig.de\\\/\"},{\"@type\":\"ListItem\",\"position\":2,\"name\":\"T\u00c4TIGKEITSBEREICHE\",\"item\":\"https:\\\/\\\/wp.anwaltskanzlei-ludwig.de\\\/?page_id=95\"},{\"@type\":\"ListItem\",\"position\":3,\"name\":\"SCHADENSABWICKLUNG\"}]},{\"@type\":\"WebSite\",\"@id\":\"https:\\\/\\\/wp.anwaltskanzlei-ludwig.de\\\/#website\",\"url\":\"https:\\\/\\\/wp.anwaltskanzlei-ludwig.de\\\/\",\"name\":\"Anwaltskanzlei Thomas Ludwig\",\"description\":\"\",\"publisher\":{\"@id\":\"https:\\\/\\\/wp.anwaltskanzlei-ludwig.de\\\/#organization\"},\"potentialAction\":[{\"@type\":\"SearchAction\",\"target\":{\"@type\":\"EntryPoint\",\"urlTemplate\":\"https:\\\/\\\/wp.anwaltskanzlei-ludwig.de\\\/?s={search_term_string}\"},\"query-input\":{\"@type\":\"PropertyValueSpecification\",\"valueRequired\":true,\"valueName\":\"search_term_string\"}}],\"inLanguage\":\"de\"},{\"@type\":\"Organization\",\"@id\":\"https:\\\/\\\/wp.anwaltskanzlei-ludwig.de\\\/#organization\",\"name\":\"Anwaltskanzlei Ludwig\",\"url\":\"https:\\\/\\\/wp.anwaltskanzlei-ludwig.de\\\/\",\"logo\":{\"@type\":\"ImageObject\",\"inLanguage\":\"de\",\"@id\":\"https:\\\/\\\/wp.anwaltskanzlei-ludwig.de\\\/#\\\/schema\\\/logo\\\/image\\\/\",\"url\":\"https:\\\/\\\/wp.anwaltskanzlei-ludwig.de\\\/wp-content\\\/uploads\\\/2021\\\/01\\\/seite-scaled.jpg\",\"contentUrl\":\"https:\\\/\\\/wp.anwaltskanzlei-ludwig.de\\\/wp-content\\\/uploads\\\/2021\\\/01\\\/seite-scaled.jpg\",\"width\":2048,\"height\":2560,\"caption\":\"Anwaltskanzlei Ludwig\"},\"image\":{\"@id\":\"https:\\\/\\\/wp.anwaltskanzlei-ludwig.de\\\/#\\\/schema\\\/logo\\\/image\\\/\"}}]}<\/script>\n<!-- \/ Yoast SEO plugin. -->","yoast_head_json":{"title":"SCHADENSABWICKLUNG - Anwaltskanzlei Thomas Ludwig","robots":{"index":"index","follow":"follow","max-snippet":"max-snippet:-1","max-image-preview":"max-image-preview:large","max-video-preview":"max-video-preview:-1"},"canonical":"https:\/\/wp.anwaltskanzlei-ludwig.de\/?page_id=101","og_locale":"de_DE","og_type":"article","og_title":"SCHADENSABWICKLUNG - Anwaltskanzlei Thomas Ludwig","og_description":"Warum Sie einen Rechtsanwalt einschalten sollten Es gibt eine Reihe von Gr\u00fcnden, weshalb Sie einen Rechtsanwalt einschalten sollten. Die wichtigsten sind folgende: 1. Der Rechtsanwalt ist ein Fachmann. Er ist (im Gegensatz zu Versicherungen, ungebetenen Unfallhelfern, etc.) der einzig staatlich legitimierte Fachmann f\u00fcr die rechtliche Beratung und Vertretung der B\u00fcrger. Die Regulierung von Unfallsch\u00e4den und [&hellip;]","og_url":"https:\/\/wp.anwaltskanzlei-ludwig.de\/?page_id=101","og_site_name":"Anwaltskanzlei Thomas Ludwig","article_modified_time":"2017-03-14T22:24:20+00:00","twitter_card":"summary_large_image","twitter_misc":{"Gesch\u00e4tzte Lesezeit":"4\u00a0Minuten"},"schema":{"@context":"https:\/\/schema.org","@graph":[{"@type":"WebPage","@id":"https:\/\/wp.anwaltskanzlei-ludwig.de\/?page_id=101","url":"https:\/\/wp.anwaltskanzlei-ludwig.de\/?page_id=101","name":"SCHADENSABWICKLUNG - Anwaltskanzlei Thomas Ludwig","isPartOf":{"@id":"https:\/\/wp.anwaltskanzlei-ludwig.de\/#website"},"datePublished":"2017-03-08T23:40:20+00:00","dateModified":"2017-03-14T22:24:20+00:00","breadcrumb":{"@id":"https:\/\/wp.anwaltskanzlei-ludwig.de\/?page_id=101#breadcrumb"},"inLanguage":"de","potentialAction":[{"@type":"ReadAction","target":["https:\/\/wp.anwaltskanzlei-ludwig.de\/?page_id=101"]}]},{"@type":"BreadcrumbList","@id":"https:\/\/wp.anwaltskanzlei-ludwig.de\/?page_id=101#breadcrumb","itemListElement":[{"@type":"ListItem","position":1,"name":"Startseite","item":"https:\/\/wp.anwaltskanzlei-ludwig.de\/"},{"@type":"ListItem","position":2,"name":"T\u00c4TIGKEITSBEREICHE","item":"https:\/\/wp.anwaltskanzlei-ludwig.de\/?page_id=95"},{"@type":"ListItem","position":3,"name":"SCHADENSABWICKLUNG"}]},{"@type":"WebSite","@id":"https:\/\/wp.anwaltskanzlei-ludwig.de\/#website","url":"https:\/\/wp.anwaltskanzlei-ludwig.de\/","name":"Anwaltskanzlei Thomas Ludwig","description":"","publisher":{"@id":"https:\/\/wp.anwaltskanzlei-ludwig.de\/#organization"},"potentialAction":[{"@type":"SearchAction","target":{"@type":"EntryPoint","urlTemplate":"https:\/\/wp.anwaltskanzlei-ludwig.de\/?s={search_term_string}"},"query-input":{"@type":"PropertyValueSpecification","valueRequired":true,"valueName":"search_term_string"}}],"inLanguage":"de"},{"@type":"Organization","@id":"https:\/\/wp.anwaltskanzlei-ludwig.de\/#organization","name":"Anwaltskanzlei Ludwig","url":"https:\/\/wp.anwaltskanzlei-ludwig.de\/","logo":{"@type":"ImageObject","inLanguage":"de","@id":"https:\/\/wp.anwaltskanzlei-ludwig.de\/#\/schema\/logo\/image\/","url":"https:\/\/wp.anwaltskanzlei-ludwig.de\/wp-content\/uploads\/2021\/01\/seite-scaled.jpg","contentUrl":"https:\/\/wp.anwaltskanzlei-ludwig.de\/wp-content\/uploads\/2021\/01\/seite-scaled.jpg","width":2048,"height":2560,"caption":"Anwaltskanzlei Ludwig"},"image":{"@id":"https:\/\/wp.anwaltskanzlei-ludwig.de\/#\/schema\/logo\/image\/"}}]}},"_links":{"self":[{"href":"https:\/\/wp.anwaltskanzlei-ludwig.de\/index.php?rest_route=\/wp\/v2\/pages\/101","targetHints":{"allow":["GET"]}}],"collection":[{"href":"https:\/\/wp.anwaltskanzlei-ludwig.de\/index.php?rest_route=\/wp\/v2\/pages"}],"about":[{"href":"https:\/\/wp.anwaltskanzlei-ludwig.de\/index.php?rest_route=\/wp\/v2\/types\/page"}],"author":[{"embeddable":true,"href":"https:\/\/wp.anwaltskanzlei-ludwig.de\/index.php?rest_route=\/wp\/v2\/users\/3"}],"replies":[{"embeddable":true,"href":"https:\/\/wp.anwaltskanzlei-ludwig.de\/index.php?rest_route=%2Fwp%2Fv2%2Fcomments&post=101"}],"version-history":[{"count":0,"href":"https:\/\/wp.anwaltskanzlei-ludwig.de\/index.php?rest_route=\/wp\/v2\/pages\/101\/revisions"}],"up":[{"embeddable":true,"href":"https:\/\/wp.anwaltskanzlei-ludwig.de\/index.php?rest_route=\/wp\/v2\/pages\/95"}],"wp:attachment":[{"href":"https:\/\/wp.anwaltskanzlei-ludwig.de\/index.php?rest_route=%2Fwp%2Fv2%2Fmedia&parent=101"}],"curies":[{"name":"wp","href":"https:\/\/api.w.org\/{rel}","templated":true}]}}